-46).
-1254
Let u(r) = 22096*r + 16063790. Calculate u(-727).
-2
Let u(q) = -3*q**3 + 87*q**2 + 622*q - 63. What is u(-6)?
-15
Let j(o) = o**2 - 119263*o + 1550249. Calculate j(13).
-1
Let z(m) = -796*m - 206922. Calculate z(-260).
38
Let i(k) = 466123*k - 10254695. Calculate i(22).
11
Let i(s) = 33177*s - 962135. Determine i(29).
-2
Let d(u) = -2011009*u - 18099074. Determine d(-9).
7
Let h(k) = 4676*k + 678048. Calculate h(-145).
28
Let d(f) = 5*f**2 + 10333*f - 31024. What is d(3)?
20
Let b(n) = 3*n + 497. Calculate b(-44).
365
Let o(s) = 6*s**2 + 333*s - 137. Calculate o(-56).
31
Let j(r) = -15*r**3 + 1335*r**2 - 15*r + 1297. Determine j(89).
-38
Let i(u) = u**3 + 75*u**2 - 3030*u - 221444. What is i(-77)?
8
Let a(k) = 3728*k - 853673. What is a(229)?
39
Let m(v) = -1128*v - 4773. Calculate m(-4).
-261
Let t(s) = -2364*s + 2415988. Calculate t(1022).
-20
Let j(c) = 305*c**2 + 2159*c. What is j(-7)?
-168
Let q(d) = 48*d**2 - 13103*d + 989. Calculate q(273).
1262
Let i(n) = 9*n**2 + 1262*n + 25307. Determine i(-116).
19
Let r(i) = i**3 + 75*i**2 - 1094*i + 693. What is r(12)?
93
Let y(r) = -r**3 + 3*r**2 - 3297*r + 48319. Determine y(14).
5
Let i(k) = -2*k**2 + 116257*k + 5119178. Give i(-44).
-2
Let p(n) = 39*n**2 + 338*n + 1346. What is p(-4)?
618
Let z(j) = 2716*j + 1173339. Give z(-432).
27
Let g(i) = 91*i - 3644. Calculate g(50).
906
Let q(u) = -2*u**3 - 297*u**2 + 252*u + 15330. Determine q(-149).
-17
Let w(b) = 18*b**2 + 203*b + 584. Give w(-3).
137
Let n(m) = -m**3 + 128*m**2 - 2727*m + 43. Calculate n(27).
43
Let k(n) = 19902*n + 816018. Calculate k(-41).
36
Let k(n) = -120*n**3 - 4*n**2 + 102*n + 105. Give k(-1).
119
Let c(p) = -5*p**2 - 494*p - 11985. Calculate c(-43).
12
Let c(j) = -j**2 - 106*j - 2457. Calculate c(-42).
231
Let z(v) = -103923*v + 103909. Determine z(1).
-14
Let f(d) = -2*d**3 + 82*d**2 + 115*d - 74. Calculate f(42).
1228
Let p(r) = 45*r + 2534. Determine p(-44).
554
Let x(z) = z**3 - 23*z**2 + 37*z + 17. Give x(2).
7
Let w(o) = -1915*o + 42093. Give w(24).
-3867
Let h(w) = w**3 - 12*w**2 - 10*w + 71. Give h(5).
-154
Let q(o) = 10*o**2 + 6843*o - 4825. Calculate q(-685).
-30
Let p(v) = 2549*v - 4866. Determine p(2).
232
Let v(y) = 2*y**3 - 20*y**2 + 25*y - 83. Calculate v(9).
-20
Let u(f) = 2*f**2 - 2203*f - 2759058. Determine u(1848).
6
Let m(y) = 4634*y - 264465. Calculate m(57).
-327
Let v(j) = -680*j - 85056. Determine v(-125).
-56
Let d(o) = 20232*o - 80949. Calculate d(4).
-21
Let t(u) = -2*u**3 - 193*u**2 - 5617*u - 530013. What is t(-96)?
3
Let b(x) = 35*x**3 + 964*x**2 - 452*x - 209. Give b(-28).
-97
Let w(s) = 87*s - 4195. Calculate w(58).
851
Let k(z) = z**3 - 65*z**2 - 16*z + 135. Calculate k(65).
-905
Let x(t) = -3014*t - 90416. What is x(-30)?
4
Let f(q) = q**3 - 18*q**2 + 1721*q - 13121. Calculate f(8).
7
Let a(u) = 1372*u - 13719. Give a(10).
1
Let s(t) = t**3 + 26*t**2 + 157*t - 904. Calculate s(-9).
-940
Let k(l) = -5911*l - 324703. Determine k(-55).
402
Let g(y) = 2642*y**2 - 13197*y - 68. Calculate g(5).
-3
Let l(f) = 5653*f + 355926. Give l(-63).
-213
Let n(o) = -36*o**3 + 717*o**2 + 105*o - 887. Determine n(20).
13
Let d(k) = k**3 - 22*k**2 + 21*k - 53. Give d(21).
-53
Let z(k) = k**3 + 30*k**2 + 144*k + 3244. Calculate z(-29).
-91
Let c(v) = 34*v**2 + 1315*v + 12871. Calculate c(-10).
3121
Let k(m) = -61741*m - 308536. Give k(-5).
169
Let z(w) = -860*w**3 + 139*w + 139. Determine z(-1).
860
Let s(z) = 2*z**3 - 151*z**2 + 180*z + 3102. Calculate s(74).
-6
Let l(m) = -4*m**2 - 554*m - 14822. What is l(-30)?
-1802
Let j(g) = 5*g**2 + 163*g + 1107. Give j(-22).
-59
Let d(i) = i**2 + 487*i + 3066. Determine d(-6).
180
Let i(n) = -79*n**2 - 271*n + 311. Calculate i(-4).
131
Let x(o) = o**2 - 187*o - 23424. What is x(-84)?
-660
Let x(i) = 4225*i - 549337. Give x(130).
-87
Let j(a) = 13*a**2 - 678*a + 1253. Give j(50).
-147
Let j(c) = -11*c**2 - 3126*c + 2529. Calculate j(-285).
-36
Let z(v) = -4533*v - 117804. Determine z(-26).
54
Let p(g) = -3060*g + 36652. Give p(12).
-68
Let q(y) = -y**3 + 211*y**2 + 407*y + 3899. What is q(213)?
-148
Let l(b) = 2450*b**2 - 2880*b + 2878. What is l(1)?
2448
Let v(i) = i**2 + 351*i - 16470. Give v(-393).
36
Let s(i) = -2*i**3 + 20*i**2 - 75*i + 236. What is s(3)?
137
Let j(g) = g**2 - 1488*g - 278234. What is j(-168)?
-26
Let d(b) = -11*b**3 + 25*b**2 + 94*b - 74. Calculate d(4).
-2
Let d(m) = 3195*m**2 - 9582*m - 25. Determine d(3).
-16
Let i(y) = -1858*y - 1249. Give i(0).
-1249
Let l(a) = 343*a**2 + 83*a + 79. Determine l(2).
1617
Let z(p) = -29*p**2 - 2586*p - 323. Calculate z(-89).
122
Let k(p) = 2121*p - 19484. Calculate k(9).
-395
Let r(z) = -2*z**3 - 20*z**2 + 5132*z + 56254. Calculate r(-11).
44
Let s(t) = 2391*t + 832. Give s(-1).
-1559
Let m(j) = 3*j**3 + 17*j**2 - 200*j - 987. Determine m(-5).
63
Let h(g) = 5*g**2 + 957*g + 44722. What is h(-81)?
10
Let w(r) = -10*r**3 - 20*r**2 - 105*r + 132. Give w(-5).
1407
Let d(p) = -22*p**2 - 2499*p + 18561. Calculate d(7).
-10
Let v(n) = -89*n**2 + 1936*n + 515. Determine v(22).
31
Let f(p) = 11893*p + 880770. Give f(-74).
688
Let w(j) = 499666*j + 1499006. Determine w(-3).
8
Let z(x) = x**2 + 9*x - 97. What is z(-17)?
39
Let d(x) = 3312*x + 96033. Determine d(-29).
-15
Let t(o) = -27*o**2 + 7434*o - 2616. Calculate t(275).
-141
Let t(w) = w**2 + 82419*w + 659324. Determine t(-8).
36
Let i(w) = 3*w**3 - 31*w**2 - 3841*w + 29. Give i(-31).
-64
Let k(x) = -4*x**2 - 126*x + 3108. Give k(-48).
-60
Let u(y) = -6*y**3 + 330*y**2 - 9*y + 492. What is u(55)?
-3
Let q(j) = -3*j**2 - 31446*j + 125806. Calculate q(4).
-26
Let v(w) = 7*w**3 - 56*w**2 - 57*w + 700. Determine v(7).
-42
Let h(u) = u**3 - 179*u**2 - 350*u - 1280. Calculate h(181).
892
Let l(x) = -x**2 + 8637*x - 9831527. What is l(1349)?
-15
Let g(i) = -147361*i - 294733. Give g(-2).
-11
Let x(p) = p**3 + 155*p**2 + 4591*p - 397. Give x(-40).
-37
Let c(a) = -461*a**2 - 7347*a + 474. Determine c(-16).
10
Let m(s) = -s**2 + 31*s + 1418. Determine m(-18).
536
Let m(t) = 318*t - 27564. Determine m(89).
738
Let y(k) = k**3 + 7*k - 3692. Determine y(0).
-3692
Let d(f) = -f**3 - 9*f**2 - 3874*f - 23181. Give d(-6).
-45
Let g(o) = o**2 + 23705*o - 213435. Give g(9).
-9
Let d(h) = 12*h**2 - 1647*h - 21303. Calculate d(-12).
189
Let j(w) = -w**2 + 11972*w + 83851. Give j(-7).
-2
Let b(x) = -94*x + 1473. Determine b(14).
157
Let x(l) = 2565*l - 2841. Calculate x(1).
-276
Let u(w) = w**3 - 153*w**2 + 607*w - 1832. Determine u(149).
-193
Let f(w) = 7694*w - 700162. Give f(91).
-8
Let p(o) = o**3 - 11*o**2 + 635*o - 4879. Determine p(8).
9
Let z(l) = 2833*l - 178275. Calculate z(63).
204
Let f(l) = l**3 - 269*l**2 - 3764*l + 27632. What is f(282)?
-4
Let n(l) = 4*l**2 - 61*l - 5533. Give n(49).
1082
Let d(c) = 174*c**2 - 2079*c - 17. Determine d(12).
91
Let y(b) = -b**3 + 9*b**2 + 46*b - 470. Determine y(12).
-350
Let s(a) = 3*a**3 + 3*a**2 - 62*a + 20. Determine s(-5).
30
Let k(m) = -m**3 - 26*m**2 - 721*m - 20200. Calculate k(-27).
-4
Let g(x) = x**3 - 34*x**2 + 261*x + 78. Determine g(22).
12
Let y(x) = x**3 - 58*x**2 - 29*x + 703. Calculate y(58).
-979
Let b(r) = 39*r**2 + 1982*r - 7933. What is b(4)?
619
Let m(v) = -71*v**2 + 3474*v + 57. Give m(49).
-188
Let c(v) = -1318*v - 204323. Determine c(-155).
-33
Let y(j) = 30845*j + 154229. Determine y(-5).
4
Let k(a) = -103*a**3 - 23*a**2 + 31*a + 46. What is k(3)?
-2849
Let v(z) = 723*z**2 + 31064*z - 1068. Give v(-43).
7
Let b(t) = -14*t**2 + 2051*t - 5019. Give b(144).
21
Let q(k) = 9*k**3 - 26*k**2 - 253*k + 1317. What is q(7)?
1359
Let x(q) = -61*q**3 - 794*q**2 - q + 156. What is x(-13)?
0
Let b(x) = 401*x**3 + 10*x**2 + 9*x - 3. What is b(-1)?
-403
Let z(h) = 3097*h - 272551. What is z(88)?
-15
Let j(w) = 10*w - 354. Give j(-74).
-1094
Let c(x) = 152*x**2 + 1600*x - 11797. Give c(5).
3
Let h(z) = -3*z**3 - z**2 - 64*z + 174. Determine h(0).
174
Let c(i) = 26*i**3 + 243*i**2 + 90*i + 185. Determine c(-9).
104
Let l(q) = 245226*q - 2207094. Give l(9).
-60
Let i(d) = -d**3 + 86*d**2 + 4549*d + 337. Calculate i(123).
91
Let h(t) = -5*t**2 - 2798*t + 47624. Determine h(17).
-1387
Let g(s) = -467371*s - 9814851. Determine g(-21).
-60
Let q(w) = 67*w**3 + 277*w**2 - 16*w - 131. Calculate q(-4).
77
Let k(q) = 130640*q 